is (88 - -1) + 2772 + -2911?
-50
(-9 - 11 - -52) + -27 - -5
10
What is 14 - (-57 + 51) - (3 - -10)?
7
Evaluate -1 + -36 - (-4271 + 4214).
20
What is -15 + (-11 + (-20 - -11) + 32 - -41)?
38
What is the value of -2 - (-3 - 0 - (438 - 436))?
3
Evaluate 3 + -7 + -11 + 65 + -3 + -3 + 0.
44
What is 2 + 109 + (-7566 - -7483)?
28
Calculate -10 - (5 - 20 - 11).
16
What is -93 + 14 + (5 - -25) + -59?
-108
What is the value of -41 - (395 + -427 + (12 - -1))?
-22
What is the value of (-7 - 0) + 15 + 2 + -24 + 0 + 96?
82
Calculate -5 + (-8 - -1) + 19 + -72 + 64 - -8.
7
Evaluate (6 - (-1 - -5)) + (-2 - -1) - (-410 + 357).
54
Calculate (-14 - (25 - 13)) + 5 - -31.
10
72 - 63 - (-4 + 44 + 1 + (-7 - -11))
-36
48 + 13 + -11 - 71
-21
What is 55 + (34 - -22) + -85?
26
What is -6 + (5 - (24 - 7 - 13)) + 22 - 8?
9
What is (11 + -2 - 9) + -10 - (111 + -218)?
97
Calculate (-36 + 5 + 26 - (-3 - 12)) + (-11 - 2).
-3
-6 - (-4 + (-30 - -16)) - 108
-96
What is -93 - ((-83 - 50) + 48)?
-8
What is 14 + -57 - (12 - (-3 - -2) - (-38 + 42))?
-52
What is the value of 2 + 13 + (2 - (-1 + 38))?
-20
-49 + 32 + 24 + -33 + -1
-27
What is -23 + -29 - -32 - (-112 - 4)?
96
What is the value of 73 + -4 - (-28 + -10 + 62)?
45
What is the value of 15 - 36 - (-157 - 2)?
138
Evaluate (5 + 8 - (73 + -62)) + -31.
-29
(6 - (10 - 36)) + (12 - 10)
34
-2 - (-33 + 1) - (-927 - -938)
19
What is (-4 - (7 - (-4 - -14))) + (-9 - -50)?
40
Evaluate (0 - (23 - 23)) + (-16 - -2) - (-1 - -4).
-17
What is -1675 - -1662 - (0 + -1 + 52)?
-64
What is 47 - (47 - 2) - (-10 + -7)?
19
Calculate 65 + -34 + -115 + 17.
-67
Calculate 8 - ((9 - -1 - (25 + -10 - 8)) + 79).
-74
Evaluate 4 + (-3 + 7 - 13) + (0 + 11 - 19).
-13
Evaluate -1 + 40 + -39 + -47 + 25.
-22
What is 65 + -214 + 53 + 12?
-84
What is 4 - (37 + (-28 - 8) - (11 + -2))?
12
18 - 23 - (759 + -702)
-62
Evaluate 9 - (-469 + 486 + 21 + -1).
-28
What is the value of -44 - (5 - 26 - 33)?
10
What is the value of -40 - (-6 + ((10 - 4) + -4 - -4) + -5)?
-35
What is the value of 4 - 4 - (13 + 0 + 55 + -119 + 80)?
-29
Evaluate (4 + -1 - 1) + -7 + 3 + -21 + -21.
-44
(17 - (-1 + -1)) + -16 - 16
-13
What is -9523 - -9698 - (92 - -1)?
82
Calculate 23 - (-11 + -43 + 120).
-43
Evaluate -87 + -77 + 156 + 83.
75
0 + 42 - (-6043 + 6104)
-19
What is -11 + (77 - (-95 - -90))?
71
Calculate -1724 + 1714 + 1 + -1 + 10 + -27.
-27
What is the value of -2 - 2 - (-38 - (-2 + -25) - 75)?
82
Calculate (-13 - 24) + (13 - 3).
-27
What is 198 + -7 + -102 - (2 + 19)?
68
What is 8 + 12 + (42 - (56 - -99))?
-93
What is the value of 0 + 0 + 8 - (10 + -84 - -43)?
39
(-29 - (-55 + 39)) + 77
64
15 - (-9 + -13 - 1 - (0 - 12))
26
Calculate (86 - (-16 - -48)) + -25.
29
Evaluate -14 - (-67 + -73 + 56).
70
-1 - (1 + -3) - (10 - (-1 - 12))
-22
0 + (1 - 13) + 135 + (-95 - 35) - -30
23
What is the value of 123 + -3 + (-1915 - -1853)?
58
What is 4 - ((-36 - -41) + (-11 - (2 + 4)) - -75)?
-59
Calculate 20 - (-1 + 146 + 13 + -15).
-123
What is the value of (126 + -156 - (-11 + 1)) + -11?
-31
What is 20 + 2 + (-64 - -47) - 51?
-46
Calculate -2 - 49 - (3 + -12).
-42
(11 - 29) + (-10 - (2 - 2))
-28
What is the value of (-20 + 1 - -28 - 32) + (-13 - 1)?
-37
Calculate (-8 + -12 - -18) + 0 + -11 + -4.
-17
What is (16 - ((-35 - -5) + 19)) + 5 - -12?
44
5 + 32 + (1 - 20 - (-11 - 24))
53
Evaluate (54 - 103) + (23 - 22 - 10).
-58
Calculate (3 - ((-12 - 17) + 32 + 0 + 0)) + -90.
-90
34 + 26 + -47 - -15 - 22
6
Calculate 87 + -14 + (-4 - (5 - -5)).
59
What is 168 + -12 + -10 + -18 + (5 - -4)?
137
Evaluate (1538 + -1507 - (-1 + 114)) + (0 - -10).
-72
What is 8 - (-14 - -9) - (-11 + 72)?
-48
1 - (-21 + (8 - -5) + (-7 + -28 - -1))
43
What is the value of -77 + 1 - (-3690 + 3530)?
84
Evaluate (55 - -2) + (-12 - 36).
9
Calculate -6 - ((19 + -9 - -2) + -27 + -53).
62
Evaluate 34 + -157 + 33 - (1 - 3).
-88
What is 450 + -576 + 83 + 12?
-31
What is -36 - 61 - -153 - -58?
114
Calculate 13 + (14 - (6 + 2)) - (6 - -4).
9
Calculate -32 + (26 - -22) + -11.
5
Evaluate -1 - -12 - (-3 + -23 + 34).
3
What is 60 + 0 + (2 - 3) + (-293 - -283)?
49
(-191 - -206) + -19 + 20
16
What is the value of -7 - (12 + -10 + (4 - 4) - -9)?
-18
What is (51 - 12) + -16 + -57?
-34
Calculate -2 + (10 - -11 - 11) + -14.
-6
Calculate (46 - -14) + -37 + -101.
-78
Evaluate -4 + 37 + (-160 - -162).
35
What is -6 + (-4 - (-9 + (-7 - -3))) + (4 - 120)?
-113
What is the value of -4 + (33 - 30 - (8 - (-2 + 5)) - -20)?
14
Calculate 29 + (49 - 83) + -39.
-44
Evaluate (-42 - (-29 + 14)) + -16 + 0 + -1.
-44
Calculate 18 + -130 - -15 - 8 - (15 - 33).
-87
-6 - ((769 - 759) + (-16 - 1) + 1)
0
Calculate -16 + (-122 + 52 - -71).
-15
What is the value of -26 + 0 + -17 - (103 + -255)?
109
Calculate 31 + -62 + 16 - (6 - 0).
-21
What is 23 + (30 - (22 - -71) - -45)?
5
What is (4 - -1 - (-143 + 131)) + -6 - -8?
19
What is (-8 - (20 - (-22 - -67))) + -6?
11
1 + -12 + -3 + -29 + 25 + 100
82
What is the value of (-1 - 131) + 215 + -122?
-39
Evaluate -50 - (-13 + 19 + -32 + 18).
-42
Calculate 5 - 39 - -11 - -9 - (-53 - -186).
-147
-10 + 2 - (-12 + -2 - (9 + -5 + -59))
-49
(-5 - (4 - 101)) + -32 + 0 + 17 + 4
81
Calculate (21 - 18) + 6 + -24 - (13 - 0).
-28
Evaluate 63 + -1 - (3174 - 3145).
33
Calculate 7 + -12 + -9 + -7 + 4.
-17
What is 12 + 1 + (286 - 243 - (3 - 2))?
55
Calculate 3 - ((2 - -19) + -33 + 68 + -8 + 4).
-49
Evaluate (2 - (-2 - 3)) + -6 - (-42 + 4 - 3).
42
22 + (17 - (27 - 14)) + -1 - (5 - 2)
22
Calculate 15 + -3 + -17 - (-3 - -3) - -32.
27
(-105 - (-16 - 33)) + 18
-38
-2 + -44 + 1 + 1 + -5 + (119 - 128)
-58
Calculate 148 + -3 + (9 - (-10 + 3)) + (25 - 53).
133
What is the value of -310 - -318 - ((7 - 10) + -2 + 12 + 117)?
-116
Evaluate 3250 + -3239 - (0 - -2).
9
What is the value of -16 - (-21 - (21 + -41)) - 34?
-49
Evaluate (143 - 35) + -52 - 34.
22
What is the value of -50 + (57 - (-40 + 44))?
3
What is (10 - 29 - -28) + -29 - -15 - (-1 - -17)?
-21
8 + 76 + -43 - -9
50
What is the value of 11 + -2 + -1 + -3 + (21 - (0 + -4))?
30
What is the value of -7 - (17 + -13) - (10 + 2 + -15 - -22)?
-30
What is the value of (-8 - -154) + -6 + -58?
82
Evaluate (7 - 10) + 16 + 1 + (-9 - -14) + -88.
-69
Calculate -108 + 150 + -68 + (-29 - -6).
-49
What is -2 + (-4 - (6 + 0)) + (-26 - (-7 - 19))?
-12
Evaluate (-99 - -42 - -28) + -10.
-39
What is -85 + -7 + -47 + 132?
-7
192 + -234 + 26 + (3 - 2) + -57
-72
19 + (-17 - 7 - -1) - (1 + 54 + 2)
-61
Evaluate 24 - (4 + 5 + -13 - (-11 + -4) - 18).
31
What is the value of 52 + (-65 + 13 - 28)?
-28
Calculate 52 + (-9 - 85) - 6.
-48
What is the value of 60 - (31 - (19 - 19 - -26))?
55
Evaluate -10 - (13 + (-6 - 20)) - (1 - 38).
40
-12 - (8 + -12 + 12) - -18 - (-8 - -1)
5
What is the value of (-1 - -5) + (1 - -1 - -59) + -1416 + 1395?
44
-102 + 22 + -16 + 5 + -6 + 6
-91
Calculate -22 + -129 + 142 - (52 - (0 + 2)).
-59
Calculate -6 - ((-103 - -60) + 119).
-82
-6 + (29 - (27 + 29))
-33
-2 + (-13 + -5 + -31 - (19 - 21))
-49
What is (2 - 0 - (0 + -8)) + (-112 - -131)?
29
Calculate -35 - ((30 - (-19 + 5)) + -1).
-78
What is the value of 6 + -8 + 19 + -16 + -70 + 7?
-62
Calculate 9 + 24 + -6 - (84 + -50).
-7
What is 24 + (42 + -79 - 11)?
-24
-11 - 47 - (-52 - -20)
-26
What is the value of -186 + 40 + -13 + 42?
-117
Calculate -13 + 16 + (-4 - (2 - (3 - 6) - 6)).
0
What is the value of 140 + -92 + -14 + -126 + (-1 - -6) + 3?
-84
(0 - -15) + (620 + -593 - (-1 - 4))
47
What is 0 - (-10 + 0 + -10 + -6 + 19 + 35)?
-28
Evaluate 9 - -3 - (186 + -170).
-4
Calculate -8 + (-54 - -22) + 57.
17
What is (5 - (-11 + 11)) + (2 + 13 + 4 - 7)?
17
Calculate (-10 - (-12 - -7)) + 14 + (-7 - (-14 - -17)).
-1
Calculate (-72 - 1) + (260 - 240) - -1.
-52
What is the value of 16 + -2 - (-3 + -19 + 206 + -183)?
13
Evaluate 0 + 7 + (8 - (-25 + 81 - (23 + -6))).
-24
What is 93 + (-11 - -57 - 38)?
101
Evaluate -130 + -1 + (-4862 - -4915).
-78
What is the value of -18 + 0 + 2 + (2800 - 2897) - (1 + -2)?
-112
-72 - (7 + (-5 - -21 - 17))
-78
What is the value of -8 + 8 + 58 + 281 + -259?
80
-297 - (127 - 245) - -62
-117
What is 41 + -37 + 0 + 1 + 40?
45
-1 - 102 - (-1 - -9 - 9) - (-10 + 14)
-106
What is the value of 90 + -76 + -6 + 16 + -17?
7
(3 - -1) + -8 + (-3 - 5) + 18 + -133
-127
What is -707 + 682 - (6 - 83)?
52
Calculate -21 - (1 - 12 - (-74 + (86 - 24))).
-22
Calcula